- -1) + (-46 + 7 - -36)?
-2
Evaluate (755 - 757) + -22 + (5 - (0 - -1)) + 2.
-18
Evaluate (-101 - -79) + (-7 - -14) + 8.
-7
What is the value of -31 + 19 - (10 - 41 - -32 - (-1 - 1))?
-15
-28 + (-16 - 75) + (-1 - 1) + 20
-101
(-37 - -52) + (7 - 12) + -33
-23
What is 100 + -59 - (-60 + 6)?
95
Calculate 53 - (-1 + 46 + 900 + -926).
34
Evaluate 118 - (-106 - -81 - -72).
71
(-68 - -17) + 50 + (3 + 2 - -1)
5
What is -59 - (-8 + (-31 - 26))?
6
Calculate -186 + (-53 - -130 - 3).
-112
What is the value of 9 + -12 + -121 + ((13 - 8) + 1 - 5)?
-123
What is 26 + -20 + 8 + (-8 - 21)?
-15
What is the value of -8 + (-46 + 28 - -35) - -43?
52
What is the value of 86 + (-14 + (1 - (5 - 5)) - (20 + -27))?
80
Evaluate -4 + -7 + (-403 - -401).
-13
What is (1 - 62) + 11 + 10 + 0?
-40
46 - (4 + -1) - (-124 - -138)
29
Calculate -146 + -4 + -843 + 916.
-77
What is the value of -30 + 11 + 0 + -17 + 8?
-28
-1 - (2 - -21) - (772 - 804)
8
(-6 - 5) + 10 - (-45 - 6 - -9)
41
Evaluate -2 - (-5 - (-69 - -135)).
69
What is the value of (54 + 35 - 6) + -45?
38
(-10 - ((-6 - -4) + -5)) + -12
-15
-3 + 0 - (-4178 - -4182)
-7
What is 18 + -131 + (-1107 - -1346)?
126
What is the value of 4 - 9 - (528 - 547)?
14
Calculate (-4 - 4) + (5 - 33) + 11 + -24.
-49
What is (-27 - 35) + 23 + 74?
35
What is (13 - 0) + -115 - (6 + 0 - (111 + -103))?
-100
-34 - ((-2 - 15) + (203 - 197))
-23
Evaluate (-4 - 0) + (-5 - (0 + -14 - (296 - 302))).
-1
What is the value of -119 + (31 - (-107 - -115))?
-96
What is the value of -24 - (-31 + 22) - (-3 + 10)?
-22
Evaluate -2 + -40 + -5 + (1 + -4 - (-7 - -3)).
-46
Evaluate -6 - (-10 - (16 - 1 - 6) - 12).
25
Evaluate -10 + 3 - (17 + -28 + 8 + 8 - 9).
-3
Calculate (8 - 49) + 22 + -52 + 1 + 15.
-55
Calculate (8 + -7 + -23 - 22) + 21.
-23
What is (22 - -10) + -280 + 246?
-2
What is the value of (-7 - (-3 - -3)) + -1 - (19 + -2 + -6)?
-19
1 + -44 + (24 - (-25 + (69 - 26) - -3))
-40
-11 + -5 + -2 + (58 - (-11 + 9))
42
What is (-124 - -165) + (13 + -3 - -1)?
52
What is 60 + -87 + 17 + -62?
-72
Evaluate 22 + (19 - 14) + -2 + 15.
40
What is the value of 5250 + -5264 + (31 - (0 + 3 + -3) - 3)?
14
Calculate 16 - (-3 - -2 - (15 - -1 - 5)).
28
Calculate -15 + 16 + (-21 - -45 - 46).
-21
What is 10 - 142 - (-475 + 243)?
100
What is (12 - 3) + -11 + (-4 - (-17 + 1))?
10
What is -15 - (411 - 391 - (3 - 0))?
-32
What is the value of -45 - ((-16 - -38) + (2 - 8 - 12))?
-49
Evaluate (-9 + -3 - -13 - -6) + (12 + 22 - 5).
36
What is the value of (-70 - -36) + 0 + (-18 - 6)?
-58
What is the value of 2 - (-2 + (-7 + -5 - -12) - 15)?
19
-18 + 24 + -3 + -19 + -1
-17
What is the value of -29 + (19 + -11 - -2) + 3 + 92?
76
5 - (-45 - -14) - (2 + (-3 - -16))
21
Evaluate -43 - (17 - 79) - -23.
42
0 + 5 + -45 + -6 + (-8 - 4 - -20)
-38
6 + 51 + (2 - 0) + (25 - 9)
75
What is the value of (-14 - -6) + (-153 + 109 - 52)?
-104
(1 + 14 - (14 + -29 + -1 + 7)) + 5
29
Evaluate 25 + (1 + -14 - (154 - 138)) + 2 + 29.
27
-95 + 51 - (-34 - -3)
-13
Calculate 640 + -457 + -77 + 6.
112
(146 - 80) + (19 - (-7 - 2))
94
What is (-70 - 130 - -78) + 257?
135
-19 - ((-39 - -43) + -32)
9
44 - (31 + -10) - (19 + -4)
8
(-1 + 2 - 5) + 74 + -1335 + 1335
70
What is 4 + -48 - (9 + -2 + 0 + -20 + 8)?
-39
What is (29 - 2) + -15 - 19?
-7
Calculate -115 + 24 - -73 - -78.
60
Calculate (-55 + 21 - -30) + (29 - -2) + 6.
33
Calculate 0 + -17 - (3472 - 3511).
22
Calculate 45 + (-77 - -117) + -75.
10
What is the value of 30 - (-1 + -9 + 6) - (-3 - (-3 + -6))?
28
Calculate 63 + (-33 - (3 - 23) - (-9 + -2)).
61
What is -8 + (1392 - 1383 - (-119 + 2))?
118
15 + (0 - (-21 - (2 + -16))) + -25
-3
Evaluate 31 + 3 + (-49 - -40 - (1 - -2)) + 11.
33
What is the value of -28 - ((6 - 9) + 38) - (1 - 16)?
-48
Calculate 27 - 0 - (169 + 157 + -281).
-18
What is the value of -23 - (-23 + (22 - 3)) - 12?
-31
What is -140 + 69 + 87 + (-1 - -19)?
34
Evaluate -528 + 416 + (0 - -2 - (1 + -15)).
-96
29 + 2 + 7 + 1 + -116 + 107
30
What is -1 + ((-126 - 27) + 45 - -32)?
-77
49 + (14 - 5 - -1 - 14) - (0 + -4)
49
-116 - (-31 + 59 + -101)
-43
-35 - 52 - -50 - -54
17
Calculate -3721 + 3815 - (40 + 0).
54
What is 36 - 40 - 27 - (4 + 1 + -3)?
-33
What is 2578 + -2630 - (-49 + -1)?
-2
What is 12 + 103 + (-22 - 16) + -19 + 0 + 4?
62
What is -17 - (244 - 263 - (-1 + -15))?
-14
What is the value of -75 + (13 + (-6 - (8 - -2)) - 1)?
-79
Calculate (-7 - 0 - -61) + -29 + 0.
25
What is the value of 54 + 67 + -47 + -2?
72
Calculate 12 + (10 - (-9 - -10)) + (2 - (-3 - -73)).
-47
(292 - 366) + (-20 + 7 - 3)
-90
Calculate 23 + -11 + -14 + 5 + 28 + -2 + 12.
41
Evaluate 1 + -51 - (7 + (5 + -16 + 8 - -1)).
-55
Calculate 2 + -20 + 9 - ((-11 - -7) + -1).
-4
What is the value of 329 + -420 + (37 - 1)?
-55
What is 15 - (0 - (-44 - -17)) - -13?
1
What is the value of (-1 - -3) + (11 - (24 + -19)) + -8?
0
What is the value of -27 + (0 + -12 - (21 - -6 - 26))?
-40
What is the value of 33 - (-17 + (74 - 16))?
-8
What is 58 + (31 - 80) + (3 + 0 - (-4 + 10))?
6
What is the value of 121 + (17 - 11) - (44 - 17)?
100
52 + (-130 - (-39 - 14))
-25
39 + ((14 - 4) + (-12 - 0) - -3)
40
What is 6 + -5 + (13 - (-3 - -19)) - 4?
-6
What is (4 - -2) + -2 + (-162 + 211 - (16 - 1))?
38
Evaluate (3 - -9 - (45 - (37 - -8))) + -122.
-110
Calculate (-11 - -5 - -4) + -18 + 35.
15
Calculate (382 - 417) + (7 + -1 + (2 - -3) - 3).
-27
Evaluate 18 + 99 + -123 + -1 + -34.
-41
What is the value of 8 - (11 - ((0 - -11) + (25 - 43) + -6))?
-16
What is 51 + -27 + 11 + -38?
-3
Evaluate -2 - (3 + (9 - 13)) - (-8 - (-3 - -61)).
65
(-30 + 21 + -13 - -15) + -1 + (78 - -5)
75
What is (14 - (18 + 2)) + 2 + 5 + -7?
-6
7 - (3 - (17 - (25 + -14) - 15)) - 16
-21
Evaluate -10 - (-60 - -7) - (41 + -36).
38
What is the value of 9 + (1 + 3 + -50 + (76 - 20) - -1)?
20
Calculate (-19 - 216) + 106 + 39.
-90
What is -17 - ((-11 - -16 - 104) + 13)?
69
-10 + (-67 - -45) + (1 - -3) - 13
-41
What is the value of (-13 - -1) + (40 - (71 + -20)) - -12?
-11
Calculate -1 + ((8 - -42) + (-15 - -4) - 5) + 0.
33
-12 - (10 + (3 - (-2 - -3) - (301 - 300)))
-23
-11 + 14 + 8 + -25 + 17 + -5
-2
What is -52 + -23 + 72 + -39?
-42
Evaluate -16 + 20 - 23 - 7.
-26
Calculate 1424 - 1374 - (2 - -44).
4
What is the value of -1 + 11 - -1 - (-49 - (-166 + 156))?
50
-27 + -131 - -162 - 151
-147
What is ((18 - 32) + 15 - (1 + -16)) + 53?
69
What is the value of 21 + 0 - (2986 - 2946)?
-19
What is the value of -4479 + 4416 + (1 - 0) + 16?
-46
Calculate (-2 - -15) + (-76 - ((-5 - -18) + 9)) + 9.
-76
What is 353 + -379 + 42 + -4?
12
Evaluate 62 - (146 + -147) - 203.
-140
Calculate 33 - (-46 - -64) - 55.
-40
What is -26 - (-55 - -51) - -21?
-1
102 + (71 - 58) + 1 + -29
87
What is 23 + 10 + 1 + (-7 - (-10 + 15))?
22
What is the value of -50 + 30 + -35 - -19?
-36
-29 - (-14 + -53 + 68)
-30
Evaluate -145 - -78 - (-181 + 51).
63
What is 2801 - 2760 - (1 + 0 + 5) - -1?
36
Calculate 8 - 25 - (1 + -9 + 18 + -9 + 9).
-27
Calculate -46 + -19 + 20 + 2 - (2 + -11).
-34
48 + 172 + (124 - 214)
130
What is the value of 0 + (10 - -3) + (-539 - -525)?
-1
What is 2 - 63 - (830 - 849)?
-42
Evaluate 1 - (50 - (48 - 22) - ((1 - 4) + 1)).
-25
Evaluate 8 - 7 - 8 - -101 - (-72 - -29 - -57).
80
Calculate -38 + 24 + 34 - -4 - (-26 - 9).
59
Calculate 71 + -4 - (-2 + (-4 - (15 + (4 - 16)))).
76
Calculate 7 + -1 + -7 + -9 + (-9 - 32) + 7.
-44
What is the value of (22 - (-9 - (16 - 38) - 21)) + 15?
45
What is -76 - (-10 - -4) - ((-14 - -6) + (8 - 0))?
-70
What is the value of -41 + (-25 + 23 - -17) - -19 - (-88 + -1)?
82
-137 + 27 + 98 - (40 - 1 - 2)
-49
Calculate 3 + -71 + -385 + 436.
-17
Evaluate (27 - ((29 - -157) + -37)) + 25.
-97
What is 0 + -7 + 3 + -3 + (23 - 2)?
14
What is -49 + (39 - -2) + (69 - 135)?
-74
What is the value of 56 - 30 - (-112 + -24 + 47)?
115
-4 + 15 + -3 + -15 - -12
5
Calculate -12 + (232 + -244 - (-10 + -1)) + 22.
9
Calculate -26 + (-38 + 6 - -30).
-28
What is the value of (1 - 3) + -51 - (12 + -60 - -39)?
-44
What is the value of -71 + 35 + ((-2 - -1) + 3 - (-33 + 39))?
-40
Evaluate (-4 - (2 - 5)) + 89 + -88 + -121 + -16.
-137
Evaluate 24 - (-89 + -79 - -186).
6
Evaluate 777 + -915 + (5 - (-5 + -4 + -6)).
-118
Evaluate 16 - 1 - ((42 - 71) + 3 + -17).
58
Evaluate -242 + 257 + 3 + -55.
-37
Calculate 5 + 1 + -2 + 252 + -257 + (0 - 47).
-48
What is -2 - -11 -